 o be -2*1 + 40 + 7. Suppose 23 + o = 4*p. What is the units digit of p?
7
Let c = 7 + -3. Suppose 16 = 4*k, -5*l - 3*k + c*k + 51 = 0. Suppose 3*u - m = 17, 36 = 5*u - m + l. What is the units digit of u?
4
Let f(s) be the first derivative of 4*s**2 + s - 3. What is the units digit of f(1)?
9
Let f = -165 + 251. What is the units digit of f/6 - (-10)/(-30)?
4
Suppose 102 = 5*n + 4*w + 17, n - 2*w = 3. Suppose 3*v - n - 38 = 0. What is the units digit of v?
7
Suppose -5*w - 7 = -117. What is the units digit of w?
2
Let o(p) = p - 3. Let h be o(-3). Let r(t) = t**2 - t. Let j(u) = -5*u**2 + 12*u - 4. Let v(w) = -j(w) - 6*r(w). What is the units digit of v(h)?
4
Let t = 307 - 115. What is the tens digit of t?
9
Let q be (0 - 0) + (-5)/1. Let n = q - -9. What is the units digit of n?
4
Let c(v) = -v + 3. Let k be c(8). What is the units digit of 15/(-6)*4/k?
2
Let k = -70 - -174. What is the units digit of k?
4
Let b be 4/10*5*1. Suppose 2 = b*l, 4*q - l = 4*l + 119. What is the tens digit of q?
3
Let z = 4 - 1. Let m be 1*-6*z + 2. What is the units digit of (-2)/(-4)*m/(-1)?
8
Let t(o) = 3*o**2 - 4*o + 1. Suppose 0 + 3 = f. What is the units digit of t(f)?
6
Let w = -25 + 14. Let m = w - -43. What is the units digit of m?
2
Let a(x) = 2*x**2 + 16*x - 5. What is the tens digit of a(-11)?
6
What is the units digit of 22/10 - (-2)/(-10)?
2
Let y(c) = c**3 + 7*c**2 - 11*c - 9. Let s be y(-8). Let h = 3 + s. Suppose 7 = 5*b - h. What is the units digit of b?
5
Suppose -192*u = -197*u + 160. What is the units digit of u?
2
Let j be 3*2 + (4 - 1). Let v be j/12 + 17/4. Suppose v*z = -3*o + 3*z + 51, -2*o = 4*z - 42. What is the units digit of o?
5
Let g = 273 - -6. What is the units digit of g?
9
Let x(p) = p. Let i(n) = -4*n - n + 3*n + n + 9. Let g be i(4). What is the units digit of x(g)?
5
Let f = -7 - -15. What is the units digit of (12/f)/((-1)/(-2))?
3
Suppose -a + 5*r + 22 = 0, -2*a = 3*a - 3*r - 132. Suppose -d - 7 + a = 0. What is the units digit of d?
0
Let g(j) = -1 + 1 + 1 - 2*j. What is the units digit of g(-2)?
5
Let n = 97 + -54. What is the units digit of n?
3
Let j = 75 + -41. What is the units digit of j?
4
Suppose -t + 224 = 4*j, -3*j + 2*j + 45 = 3*t. What is the tens digit of j?
5
Suppose 7*c - 54 = 4*c + 3*p, 5*p - 1 = -2*c. What is the tens digit of c?
1
Let x be 1/(-3 + 33/12). Let m = x + 7. What is the units digit of m?
3
What is the units digit of 1/(-1 + (0 - -2))?
1
Suppose -1 - 2 = -k. Suppose c - 6 = -k, 4*d - 5*c = 185. What is the tens digit of d?
5
Let a(r) = -r**3 + 12*r**2 + 7. What is the units digit of a(5)?
2
Suppose -9*u + 707 - 230 = 0. What is the tens digit of u?
5
Suppose -4 - 5 = -3*y. Suppose 5*w - y*z - 25 = 0, -w - 3*w - 17 = 5*z. Suppose 3*x = -4*l + 53, w*l + 54 = 4*x + 4*l. What is the tens digit of x?
1
What is the tens digit of 3/(3/((-216)/(-3)))?
7
Suppose 0 = -4*l - 3*z - 14 + 48, 4*l - z - 26 = 0. Suppose l - 22 = -5*c. Suppose j - 5*o + 18 = 0, 0*o + 26 = c*j + 5*o. What is the units digit of j?
2
Suppose 3 = -b - 2, q - 2*b - 19 = 0. Let f be (-3)/q + (-70)/6. Let k = -7 - f. What is the units digit of k?
5
Let u(x) = x**3 + 8*x**2 + 4*x - 2. Let f be u(-7). Let r = 28 - f. Let t = 15 - r. What is the units digit of t?
6
Let y be (-1 + 3/2)*6. Let t(h) = -h**3 + 9*h**2 + 24*h - 17. Let b be t(11). Suppose 41 = 2*i - y*a - 0*a, -b*i = -a - 83. What is the tens digit of i?
1
Suppose -n - 2*n = -15. Suppose 4*u - 16 = n*b, -2*u + u - 2*b = -17. What is the units digit of u?
9
Let r(m) = m**2 - 7*m + 6. Let a be r(10). Let y = -20 + a. What is the units digit of y?
6
Let n(g) be the first derivative of g**3/3 + 5*g**2/2 + 5*g + 1. Let b be n(-4). What is the units digit of 4 - b*1*-2?
6
Let l be (0 - -1)*530/5. Let o = -66 + l. What is the units digit of o?
0
Let p(c) = 15*c - 1. Suppose 4 + 5 = 3*g. Let w be p(g). Suppose -w = -5*i - l + 2*l, 2*l - 29 = -3*i. What is the units digit of i?
9
Let c(t) = -11*t**2 - 7*t - 12. Let h(l) = -7*l**2 - 5*l - 8. Let k(u) = 5*c(u) - 8*h(u). Let z(x) = x - 1. Let o be z(-5). What is the tens digit of k(o)?
1
Let i(x) be the first derivative of -x**4/4 - 2*x**3/3 + 2*x**2 - x - 5. What is the units digit of i(-4)?
5
Let f(g) = 2*g - 5. Let r be 2/(-1 - (0 - 2)). Suppose -2*i - r*k = -3*i + 9, 4*i - 5*k - 30 = 0. What is the units digit of f(i)?
5
Suppose -43 - 21 = -4*m. What is the units digit of m?
6
Let o be (-4 - -2) + 0 + 10. Suppose -y + 3*m = o, 3*y + 4*m = 7 + 8. Suppose 0 = -2*q + 5 - y. What is the units digit of q?
2
Let f(h) = -h + 7. Let d be f(-6). Suppose 2*u = 5*c - d + 46, -30 = -5*u + 2*c. Suppose 0 = u*s + 2*k - 26 - 10, -4*k = 5*s - 39. What is the units digit of s?
1
Let u(s) = 3*s - 8. Let k be u(8). Let j = k - 7. Let c = -6 + j. What is the units digit of c?
3
Let v(b) = b - 14. Let a(c) = 15. Let h(o) = -5*a(o) - 6*v(o). What is the units digit of h(-6)?
5
What is the units digit of (-97)/(-2) + (-5)/10?
8
Let z = 11 - -2. What is the units digit of z?
3
Let a(y) be the third derivative of -y**6/120 + y**4/24 + y**3/6 - 2*y**2. What is the units digit of a(0)?
1
Let x(t) = -3 + 3*t + 5 - t**3 + 5*t**2 - 2 - 2. What is the units digit of x(4)?
6
Let y(i) = 10*i**2 + i. Let k be y(1). Let t = -31 + k. Let u = 33 + t. What is the units digit of u?
3
Suppose 2*a - 7*a + 340 = 0. What is the tens digit of a?
6
Let p(z) = -3*z**3 - 4*z**2 - 8*z - 3. What is the hundreds digit of p(-4)?
1
Suppose 10 + 30 = -4*x. Let i = x + 14. Let b(n) = n - 1. What is the units digit of b(i)?
3
Let p(c) = 109*c**3. What is the units digit of p(1)?
9
Let g(t) = -t**2 - 6*t + 1. Let u be g(-5). Suppose -4*o = 4*l - 4, 2*o - u*o - 2 = 2*l. Suppose -l*f - 1 + 4 = 0. What is the units digit of f?
1
Let o = -617 + 871. What is the units digit of o?
4
Let u be ((-4)/3)/((-16)/24). Suppose -u*p - 4*n - 2 = 8, 4*p + 2*n = 10. What is the units digit of p?
5
Suppose -7*u = -85 - 118. What is the units digit of u?
9
Suppose -4*w - 4*t = t + 81, 2*w = -3*t - 43. Let y(s) = -s**2 - 16*s + 11. What is the units digit of y(w)?
9
Let w(u) be the first derivative of u**2/2 + u + 2. Let q(c) = -3*c - 6. Let k(a) = q(a) + 4*w(a). What is the units digit of k(4)?
2
Let m(p) = p**3 - 12*p**2 + 10*p - 9. Let b be m(11). What is the units digit of b/(-8) + (-2)/4?
2
Let q(i) = 2*i**3 + 0*i**3 - i**3 + 4*i**2 + 4. Let l(b) = -b**2 - 7*b - 9. Let n be l(-6). What is the units digit of q(n)?
3
Let g(o) be the first derivative of o**3/3 - 5*o**2 + 12*o + 2. What is the units digit of g(9)?
3
Let c(v) = 6*v - 23. Let n(r) = -3*r + 12. Let b(l) = -3*c(l) - 5*n(l). What is the tens digit of b(-7)?
3
Suppose 5*n = 5*g + 4*n - 13, 0 = -n + 2. Suppose -3*j - g = -63. What is the tens digit of j?
2
Suppose 4*w - 2*t - 220 = 0, -189 = -4*w + t + 33. What is the units digit of w?
6
Suppose -5*t = -42 + 7. What is the units digit of t?
7
Let c be ((-12)/15)/(2/(-25)). Suppose 4*h + h = 0. Let b = c + h. What is the units digit of b?
0
Suppose 5*d - 5*o - 140 = 0, -4*o + 111 = 5*d - 11. What is the units digit of d?
6
Suppose 2 + 1 = -3*u. What is the units digit of 4/u*(-14)/8?
7
Let o = 8 + 2. Suppose -3 = -3*d - 0. What is the units digit of ((-8)/o)/(d/(-5))?
4
Let i(g) = -10*g + 4. What is the tens digit of i(-9)?
9
Let w be 660/9 + (-8)/(-12). Let c = w + -51. What is the units digit of c?
3
Let q(i) = i**3 + i**2 - 2*i + 1. Let y be q(2). Suppose 0*f - 3*f = y. What is the units digit of 4/5 - f/15?
1
Let b(x) = x**2 + 7*x - 2. Let g be b(-7). Let p = g - -8. What is the units digit of p?
6
Let c(b) be the third derivative of -b**6/60 + b**4/8 + b**3/3 - 4*b**2. What is the tens digit of c(-2)?
1
Suppose -2*p = -f - 13, 38 = 5*p - 2*f + 5*f. What is the units digit of p?
7
Let i be -18 + 5 + (-4)/2. Let z = i - -29. What is the tens digit of z?
1
Let a(o) = o**2. Let x = 2 - 0. Suppose x*m + 3 = 5*m. What is the units digit of a(m)?
1
Let d = 4 + -2. Suppose -3*c = -2*o - 62, -2*c + 26 = -c - d*o. What is the tens digit of c?
1
Let g(u) = -u**3 + u - 6. Let b be g(0). What is the units digit of 1*2/(-4)*b?
3
Suppose 8*w - 2*m - 540 = 6*w, -4*w - m = -1075. What is the tens digit of w?
6
Let x(t) = -6*t + 3 + 6 - t - t**2 + 0. What is the units digit of x(-7)?
9
What is the units di